{"id":2770,"date":"2025-06-19T06:40:37","date_gmt":"2025-06-19T06:40:37","guid":{"rendered":"https:\/\/www.czystyregion.com.pl\/?page_id=2770"},"modified":"2025-06-21T09:20:22","modified_gmt":"2025-06-21T09:20:22","slug":"mpszok","status":"publish","type":"page","link":"https:\/\/www.czysty-region.pl\/index.php\/mpszok\/","title":{"rendered":"MPSZOK"},"content":{"rendered":"\t\t<div data-elementor-type=\"wp-page\" data-elementor-id=\"2770\" class=\"elementor elementor-2770\" data-elementor-post-type=\"page\">\n\t\t\t\t<div data-particle_enable=\"false\" data-particle-mobile-disabled=\"false\" class=\"elementor-element elementor-element-412cebe e-flex e-con-boxed e-con e-parent\" data-id=\"412cebe\" data-element_type=\"container\" data-settings=\"{&quot;background_background&quot;:&quot;classic&quot;,&quot;ekit_has_onepagescroll_dot&quot;:&quot;yes&quot;}\">\n\t\t\t\t\t<div class=\"e-con-inner\">\n\t\t\t\t<div class=\"elementor-element elementor-element-cb4d6bb elementor-widget elementor-widget-heading\" data-id=\"cb4d6bb\" data-element_type=\"widget\" data-settings=\"{&quot;ekit_we_effect_on&quot;:&quot;none&quot;}\" data-widget_type=\"heading.default\">\n\t\t\t\t<div class=\"elementor-widget-container\">\n\t\t\t\t\t<h2 class=\"elementor-heading-title elementor-size-default\">MPSZOK<\/h2>\t\t\t\t<\/div>\n\t\t\t\t<\/div>\n\t\t\t\t\t<\/div>\n\t\t\t\t<\/div>\n\t\t<div data-particle_enable=\"false\" data-particle-mobile-disabled=\"false\" class=\"elementor-element elementor-element-aa85ec0 e-flex e-con-boxed e-con e-parent\" data-id=\"aa85ec0\" data-element_type=\"container\" data-settings=\"{&quot;ekit_has_onepagescroll_dot&quot;:&quot;yes&quot;}\">\n\t\t\t\t\t<div class=\"e-con-inner\">\n\t\t\t\t<div class=\"elementor-element elementor-element-3d9ea4d elementor-widget elementor-widget-text-editor\" data-id=\"3d9ea4d\" data-element_type=\"widget\" data-settings=\"{&quot;ekit_we_effect_on&quot;:&quot;none&quot;}\" data-widget_type=\"text-editor.default\">\n\t\t\t\t<div class=\"elementor-widget-container\">\n\t\t\t\t\t\t\t\t\t<p><strong>MPSZOK K\u0119dzierzyn-Ko\u017ale ul. Grunwaldzka K\u0119dzierzyn-Ko\u017ale, Grunwaldzka 42-44<\/strong><\/p>\n<p><strong>wtorek: 14.00 &#8211; 18.00<\/strong><\/p>\n<p><strong>czwartek: 14.00 &#8211; 18.00<\/strong><\/p>\n<p><strong>sobota: 10.00 &#8211; 14.00<\/strong><\/p>\n<p>Istnieje mo\u017cliwo\u015b\u0107 bezp\u0142atnego oddania odpad\u00f3w (poza zbi\u00f3rkami akcyjnymi oraz w ramach MPSZOK) takich jak: odpady wielkogabarytowe oraz odpady budowlane i rozbi\u00f3rkowe stanowi\u0105ce odpady komunalne wytworzone przy w\u0142asnor\u0119cznie prowadzonych remontach (300kg\/mieszka\u0144ca\/rok) do siedziby Czysty Region Sp. z o.o. <strong>przy ul. Naftowej 7 w K\u0119dzierzynie-Ko\u017alu od poniedzia\u0142ku do pi\u0105tku w godzinach 6:00 &#8211; 9:00 oraz 17:00 \u2013 20:00. Obowi\u0105zuj\u0105 wcze\u015bniejsze zapisy telefoniczne pod numerem: 774886850<\/strong><\/p>\t\t\t\t\t\t\t\t<\/div>\n\t\t\t\t<\/div>\n\t\t\t\t\t<\/div>\n\t\t\t\t<\/div>\n\t\t<div data-particle_enable=\"false\" data-particle-mobile-disabled=\"false\" class=\"elementor-element elementor-element-86074f4 e-flex e-con-boxed e-con e-parent\" data-id=\"86074f4\" data-element_type=\"container\" data-settings=\"{&quot;ekit_has_onepagescroll_dot&quot;:&quot;yes&quot;}\">\n\t\t\t\t\t<div class=\"e-con-inner\">\n\t\t\t\t<div class=\"elementor-element elementor-element-f2dd738 elementor-widget elementor-widget-text-editor\" data-id=\"f2dd738\" data-element_type=\"widget\" data-settings=\"{&quot;ekit_we_effect_on&quot;:&quot;none&quot;}\" data-widget_type=\"text-editor.default\">\n\t\t\t\t<div class=\"elementor-widget-container\">\n\t\t\t\t\t\t\t\t\t<p>MPSZOK-i organizowane s\u0105 przez operatora odbieraj\u0105cego odpady komunalne pochodz\u0105ce od w\u0142a\u015bcicieli nieruchomo\u015bci z gmin cz\u0142onkowskich nale\u017c\u0105cych do Zwi\u0105zku (Czysty Region Sp. z o.o.). Mieszka\u0144cy mog\u0105 nieodp\u0142atnie przekaza\u0107 do MPSZOK nast\u0119puj\u0105ce odpady komunalne (pr\u00f3cz powsta\u0142ych w wyniku dzia\u0142alno\u015bci gospodarczej):<\/p><ul><li>\u00a0 \u00a0 tworzywa sztuczne<\/li><li>\u00a0\u00a0\u00a0 papier i tektura<\/li><li>\u00a0\u00a0\u00a0 szk\u0142o opakowaniowe<\/li><li>\u00a0\u00a0\u00a0 bioodpady<\/li><li>\u00a0\u00a0\u00a0 przeterminowane leki<\/li><li>\u00a0\u00a0\u00a0 substancje niebezpieczne &#8211; chemikalia i ich opakowania (farby, tusze, oleje, detergenty, lepiszcze, \u017cywice, wiadra i puszki po farbach, rozpuszczalniki)<\/li><li>\u00a0\u00a0\u00a0 zu\u017cyte baterie i akumulatory<\/li><li>\u00a0\u00a0\u00a0 zu\u017cyty sprz\u0119t elektryczny i elektroniczny<\/li><li>\u00a0\u00a0\u00a0 meble i inne odpady wielkogabarytowe<\/li><li>\u00a0\u00a0\u00a0 zu\u017cyte opony samochodowe o \u015brednicy nie przekraczaj\u0105cej 23 cali oraz opony jedno\u015blad\u00f3w* (limit 4 szt. na mieszka\u0144ca na rok)<\/li><li>\u00a0\u00a0\u00a0 odpady budowlane i rozbi\u00f3rkowe stanowi\u0105ce odpady komunalne* (limit 300 kg na mieszka\u0144ca \/ rok)<\/li><li>\u00a0\u00a0\u00a0 popi\u00f3\u0142<\/li><li>\u00a0\u00a0\u00a0 ig\u0142y, strzykawki wytworzone w ramach iniekcji domowych<\/li><li>\u00a0\u00a0\u00a0 olej jadalny (np. z frytkownicy) i silnikowy<\/li><li>\u00a0\u00a0\u00a0 zu\u017cyte tekstylia i odzie\u017c<\/li><\/ul><p>* Odpad obj\u0119ty limitem. W razie dostarczenia wskazanych odpad\u00f3w powy\u017cej okre\u015blonego limitu, pobierane s\u0105 dodatkowe op\u0142aty za odbi\u00f3r i zagospodarowanie. Szczeg\u00f3\u0142y tutaj.<\/p>\t\t\t\t\t\t\t\t<\/div>\n\t\t\t\t<\/div>\n\t\t\t\t\t<\/div>\n\t\t\t\t<\/div>\n\t\t<div data-particle_enable=\"false\" data-particle-mobile-disabled=\"false\" class=\"elementor-element elementor-element-a1826a1 e-flex e-con-boxed e-con e-parent\" data-id=\"a1826a1\" data-element_type=\"container\" data-settings=\"{&quot;ekit_has_onepagescroll_dot&quot;:&quot;yes&quot;}\">\n\t\t\t\t\t<div class=\"e-con-inner\">\n\t\t<div data-particle_enable=\"false\" data-particle-mobile-disabled=\"false\" class=\"elementor-element elementor-element-b931126 e-con-full e-flex e-con e-child\" data-id=\"b931126\" data-element_type=\"container\" data-settings=\"{&quot;ekit_has_onepagescroll_dot&quot;:&quot;yes&quot;}\">\n\t\t\t\t<div class=\"elementor-element elementor-element-1666e04 elementor-widget elementor-widget-text-editor\" data-id=\"1666e04\" data-element_type=\"widget\" data-settings=\"{&quot;ekit_we_effect_on&quot;:&quot;none&quot;}\" data-widget_type=\"text-editor.default\">\n\t\t\t\t<div class=\"elementor-widget-container\">\n\t\t\t\t\t\t\t\t\t<p><strong>UWAGA!<\/strong><\/p><p>Przyj\u0119cie odpad\u00f3w nast\u0105pi jedynie za okazaniem dowodu osobistego oraz ostatniego potwierdzenia wniesienia op\u0142aty za gospodarowanie odpadami komunalnymi.<\/p><p>MPSZOK nie przyjmuje odpad\u00f3w komunalnych zmieszanych. Odpady dostarczone na MPSZOK\u2019a musz\u0105 by\u0107 posegregowane i nie mog\u0105 by\u0107 zanieczyszczone innymi odpadami.<\/p><p>Ponadto informujemy, \u017ce ka\u017cdy mieszkaniec, je\u017celi nie ma mo\u017cliwo\u015bci samodzielnego wywiezienia odpad\u00f3w do MPSZOK ma alternatywne rozwi\u0105zanie, polegaj\u0105ce na zam\u00f3wieniu odp\u0142atnej us\u0142ugi dodatkowej.<\/p>\t\t\t\t\t\t\t\t<\/div>\n\t\t\t\t<\/div>\n\t\t\t\t<\/div>\n\t\t<div data-particle_enable=\"false\" data-particle-mobile-disabled=\"false\" class=\"elementor-element elementor-element-be44e1e e-con-full e-flex e-con e-child\" data-id=\"be44e1e\" data-element_type=\"container\" data-settings=\"{&quot;ekit_has_onepagescroll_dot&quot;:&quot;yes&quot;}\">\n\t\t\t\t<div class=\"elementor-element elementor-element-6e8c3c6 elementor-widget elementor-widget-image\" data-id=\"6e8c3c6\" data-element_type=\"widget\" data-settings=\"{&quot;ekit_we_effect_on&quot;:&quot;none&quot;}\" data-widget_type=\"image.default\">\n\t\t\t\t<div class=\"elementor-widget-container\">\n\t\t\t\t\t\t\t\t\t\t\t\t\t\t\t<img fetchpriority=\"high\" decoding=\"async\" width=\"1024\" height=\"683\" src=\"https:\/\/www.czysty-region.pl\/wp-content\/uploads\/2025\/06\/AdobeStock_162783112-1024x683.jpeg\" class=\"attachment-large size-large wp-image-2794\" alt=\"\" srcset=\"https:\/\/www.czysty-region.pl\/wp-content\/uploads\/2025\/06\/AdobeStock_162783112-1024x683.jpeg 1024w, https:\/\/www.czysty-region.pl\/wp-content\/uploads\/2025\/06\/AdobeStock_162783112-300x200.jpeg 300w, https:\/\/www.czysty-region.pl\/wp-content\/uploads\/2025\/06\/AdobeStock_162783112-768x512.jpeg 768w, https:\/\/www.czysty-region.pl\/wp-content\/uploads\/2025\/06\/AdobeStock_162783112-1536x1024.jpeg 1536w, https:\/\/www.czysty-region.pl\/wp-content\/uploads\/2025\/06\/AdobeStock_162783112-2048x1365.jpeg 2048w\" sizes=\"(max-width: 1024px) 100vw, 1024px\" \/>\t\t\t\t\t\t\t\t\t\t\t\t\t\t\t<\/div>\n\t\t\t\t<\/div>\n\t\t\t\t<\/div>\n\t\t\t\t\t<\/div>\n\t\t\t\t<\/div>\n\t\t<div data-particle_enable=\"false\" data-particle-mobile-disabled=\"false\" class=\"elementor-element elementor-element-d472d28 e-flex e-con-boxed e-con e-parent\" data-id=\"d472d28\" data-element_type=\"container\" data-settings=\"{&quot;ekit_has_onepagescroll_dot&quot;:&quot;yes&quot;}\">\n\t\t\t\t\t<div class=\"e-con-inner\">\n\t\t\t\t<div class=\"elementor-element elementor-element-b8be025 elementor-widget elementor-widget-text-editor\" data-id=\"b8be025\" data-element_type=\"widget\" data-settings=\"{&quot;ekit_we_effect_on&quot;:&quot;none&quot;}\" data-widget_type=\"text-editor.default\">\n\t\t\t\t<div class=\"elementor-widget-container\">\n\t\t\t\t\t\t\t\t\t<p><strong>UWAGA! <\/strong><\/p><p>Czysty Region nie odbiera odpad\u00f3w takich jak: styropian dociepleniowy, we\u0142na mineralna, papa, p\u0142yty eternitowe, odpady zawieraj\u0105ce azbest, opakowania po materia\u0142ach budowlanych, cz\u0119\u015bci samochodowe oraz odpady poprodukcyjne (nie s\u0105 to odpady komunalne). Mieszkaniec ma obowi\u0105zek zapewni\u0107 prawid\u0142ow\u0105 utylizacj\u0119 takich odpad\u00f3w we w\u0142asnym zakresie poprzez kontakt z odpowiedni\u0105 firm\u0105 odbieraj\u0105c\u0105 tego typu odpady.<\/p><p>Odpady wielkogabarytowe (dywany, wyk\u0142adziny, materace, w\u00f3zki, meble) mo\u017cna r\u00f3wnie\u017c wystawi\u0107 przed posesj\u0119 w dniu organizacji zbi\u00f3rki akcyjnej.<\/p>\t\t\t\t\t\t\t\t<\/div>\n\t\t\t\t<\/div>\n\t\t\t\t\t<\/div>\n\t\t\t\t<\/div>\n\t\t\t\t<\/div>\n\t\t","protected":false},"excerpt":{"rendered":"<p>MPSZOK MPSZOK K\u0119dzierzyn-Ko\u017ale ul. Grunwaldzka K\u0119dzierzyn-Ko\u017ale, Grunwaldzka 42-44 wtorek: 14.00 &#8211; 18.00 czwartek: 14.00 &#8211; 18.00 sobota: 10.00 &#8211; 14.00 Istnieje mo\u017cliwo\u015b\u0107 bezp\u0142atnego oddania odpad\u00f3w (poza zbi\u00f3rkami akcyjnymi oraz w ramach MPSZOK) takich jak: odpady wielkogabarytowe oraz odpady budowlane i rozbi\u00f3rkowe stanowi\u0105ce odpady komunalne wytworzone przy w\u0142asnor\u0119cznie prowadzonych remontach (300kg\/mieszka\u0144ca\/rok) do siedziby Czysty Region Sp. [&hellip;]<\/p>\n","protected":false},"author":1,"featured_media":0,"parent":0,"menu_order":0,"comment_status":"closed","ping_status":"closed","template":"elementor_header_footer","meta":{"zakra_sidebar_layout":"customizer","zakra_remove_content_margin":false,"zakra_sidebar":"customizer","zakra_transparent_header":"customizer","zakra_logo":0,"zakra_main_header_style":"default","zakra_menu_item_color":"","zakra_menu_item_hover_color":"","zakra_menu_item_active_color":"","zakra_menu_active_style":"","zakra_page_header":true,"footnotes":""},"class_list":["post-2770","page","type-page","status-publish","hentry"],"_links":{"self":[{"href":"https:\/\/www.czysty-region.pl\/index.php\/wp-json\/wp\/v2\/pages\/2770","targetHints":{"allow":["GET"]}}],"collection":[{"href":"https:\/\/www.czysty-region.pl\/index.php\/wp-json\/wp\/v2\/pages"}],"about":[{"href":"https:\/\/www.czysty-region.pl\/index.php\/wp-json\/wp\/v2\/types\/page"}],"author":[{"embeddable":true,"href":"https:\/\/www.czysty-region.pl\/index.php\/wp-json\/wp\/v2\/users\/1"}],"replies":[{"embeddable":true,"href":"https:\/\/www.czysty-region.pl\/index.php\/wp-json\/wp\/v2\/comments?post=2770"}],"version-history":[{"count":28,"href":"https:\/\/www.czysty-region.pl\/index.php\/wp-json\/wp\/v2\/pages\/2770\/revisions"}],"predecessor-version":[{"id":2923,"href":"https:\/\/www.czysty-region.pl\/index.php\/wp-json\/wp\/v2\/pages\/2770\/revisions\/2923"}],"wp:attachment":[{"href":"https:\/\/www.czysty-region.pl\/index.php\/wp-json\/wp\/v2\/media?parent=2770"}],"curies":[{"name":"wp","href":"https:\/\/api.w.org\/{rel}","templated":true}]}}